= -96 + 205. Suppose -2*v + 6*v + a = 5*c, 4*v - 41 = -c. List the prime factors of c.
5
Let x = 1038 + -423. Suppose x = -b + 4*b. What are the prime factors of b?
5, 41
Let g(p) = -p**3 + 7*p**2 - 8*p + 3. Let b(v) = -v**3 + 11*v**2 + 13*v - 12. Let l be b(12). Let z be l + 7 + 7 + -9. List the prime factors of g(z).
13
Let a = 1 + 27. Let q = a + -33. What are the prime factors of 55 - 1 - (-8 - q)?
3, 19
Suppose -2*o - 5*l + 2*l - 12 = 0, 15 = -3*o - 3*l. List the prime factors of 28/1 + 4 + o.
29
Let o = 19 + -13. Suppose o*v - 795 = v. Suppose 5*b - v = 106. List the prime factors of b.
53
List the prime factors of 5 - ((3 - (7 + -5)) + -928).
2, 233
Let k(j) = -j**2 + 2*j + 3. Let v be k(3). Suppose -3*w + 27 = -v*w. What are the prime factors of w?
3
Suppose 7*f = 2*f + 40. Suppose -25 = -3*s + f*s. Let a = s + 26. What are the prime factors of a?
3, 7
Suppose 2*l = -3*l + 5*q - 1890, -5*l = 2*q + 1904. Let f = -198 - l. List the prime factors of f.
2, 7, 13
Suppose -a - 4058 = -5*m, -5*m + 4*a + 2482 = -1570. What are the prime factors of m?
2, 7, 29
Let b be 1/(3 - (-250)/(-85)). Suppose -b*r + 204 = -11*r. List the prime factors of r.
2, 17
Suppose 8*n = 2*n + n. What are the prime factors of 0 + (n - 4) + 86?
2, 41
Let u be (-24)/6 + 12/3 - -44. List the prime factors of (3003/u)/(6/16).
2, 7, 13
Let h be (24/(-9))/(10/(-15)). Suppose 0 = -h*j + 6*j - 32. What are the prime factors of j?
2
Let g be -21 + (-1 - 12/(-3)). Let u = 10 + g. Let d(r) = -r**3 - 9*r**2 - 8*r + 5. List the prime factors of d(u).
5
Let m = -165 + 175. What are the prime factors of m?
2, 5
Let w be ((-6)/2)/(24/(-832)). Suppose 7*t + w = 426. What are the prime factors of t?
2, 23
Let x(p) = 7*p**2 - 27*p + 2. What are the prime factors of x(14)?
2, 3, 83
Let t(c) = c - 9. Let z be 1/(-3*(-3)/117). Let j be t(z). Suppose 2*r - j*r + 80 = 0. What are the prime factors of r?
2, 5
Let g(z) = -6*z**2 - z - 2. Let k be g(-1). Let x(d) = 5*d**2 - d - 7. Let u(s) = -6*s**2 + s + 8. Let a(b) = k*x(b) - 6*u(b). List the prime factors of a(-6).
31
Suppose 5*y + 2*v - 3664 = 0, 1460 = 2*y + 13*v - 15*v. What are the prime factors of y?
2, 3, 61
Suppose -582*d = -576*d - 24006. What are the prime factors of d?
4001
Let o be 4 - ((-153 - 0) + -2). Let a = o - 78. What are the prime factors of a?
3
Let f = 177 - 137. Let q be 6/(-5)*10/(-3). Suppose -156 + f = -q*k. List the prime factors of k.
29
Let i(q) = -q**3 - 24*q**2 - 20*q + 16. List the prime factors of i(-25).
7, 163
Let o be -3*(25/(-3))/5. Let x(d) = 5*d**2 + 7. What are the prime factors of x(o)?
2, 3, 11
Let i = 40 - -31. What are the prime factors of i?
71
What are the prime factors of ((-362)/(-3))/(((-196)/21)/(-14))?
181
Let l(h) = h**2 - 2. Let p be l(2). Let d be ((-1)/2)/(p/(-60)). Let n = 18 - d. What are the prime factors of n?
3
Let y = -345 - -2080. What are the prime factors of y?
5, 347
Let r(i) = i**3 - 25*i**2 + 18*i + 150. What are the prime factors of r(27)?
2, 3, 349
Suppose -30 = -3*i - 102. Let u be (-3 + (-119)/(-28))/((-2)/24). Let k = u - i. What are the prime factors of k?
3
Suppose 4*k - 2*s + 136 = 0, -5*k + s - 30 = 140. Let h = k + 118. List the prime factors of h.
2, 3, 7
What are the prime factors of (-15)/6*4772/(-10)?
1193
Let c(t) = 5 + 6 - 3*t - 23 + 6*t**2 + 9. Let m(n) = n. Let q be m(-2). List the prime factors of c(q).
3
Let p(s) = -s**2 + 2*s + 3. Let f be p(7). Let n = 0 + f. What are the prime factors of -4 + 1 - (n - 0)?
29
Suppose -4*o = 3*y - 18, o + y + 0*y - 4 = 0. Suppose -190 = -5*v + 3*c, -o*c + 3*c + 114 = 3*v. What are the prime factors of v?
2, 19
Let f(c) = -17*c + 167. What are the prime factors of f(-9)?
2, 5
Suppose -5*n + 30 = n. Suppose v - 2 = n. List the prime factors of v/(28/64) + -2.
2, 7
Suppose -3*k + 4 + 2 = 3*m, -20 = -5*m + 5*k. Suppose 0 = -3*f + 3*v - 72, 3*f - 2*v + 60 = -m*v. What are the prime factors of -3 - -5 - 2 - f?
3, 7
Let t(u) = -14*u - 40. Suppose 48 = -6*y + 3*y. List the prime factors of t(y).
2, 23
Let t(c) be the first derivative of 15*c**2 + 8*c - 17. List the prime factors of t(5).
2, 79
Suppose 0 = t + 1 + 1, 62 = -4*w - t. Let q be ((-13)/6)/((-33)/198). Let s = q - w. List the prime factors of s.
2, 7
Suppose 11*t - 2734 = 874. List the prime factors of t.
2, 41
Let q(y) = -18*y + 73. Let u(r) = 38*r - 146. Let a(s) = -11*q(s) - 6*u(s). What are the prime factors of a(-5)?
223
Let c = 130 - 246. Suppose -299 - 116 = 5*z. Let d = z - c. List the prime factors of d.
3, 11
Let l = 534 + 147. List the prime factors of l.
3, 227
Let l(f) = 206*f**3 - f**2 + 15*f - 21. What are the prime factors of l(2)?
3, 19, 29
Let r(u) be the first derivative of 2*u**3/3 - 3*u**2 + 4*u - 2. Let d be r(5). Let i = 35 - d. List the prime factors of i.
11
Let k(u) = -u**2 - 7*u - 8. Let q be k(-3). Suppose 0 = b - 0*b. Suppose -q*j + 2*v = 4*v - 24, b = j + 5*v + 3. List the prime factors of j.
7
What are the prime factors of 7255/(-5)*(24 + -25)?
1451
Suppose -5*w = 5*c - 120, 3*c + 10 = 1. Suppose 3*n = 4*u + w, -3*u + 4*u + n - 2 = 0. List the prime factors of 1*4/((-4)/u).
3
Let p(v) = -5*v**2 + 13*v + 2. Let j be p(5). Let c = 130 + j. List the prime factors of c.
2, 3
Let g(j) = 3*j**2 - 3*j - 18. Let p be g(-6). What are the prime factors of 27/p - ((-343)/4 - -1)?
5, 17
Suppose -3*f - q = 2*f + 15, 0 = 3*f - q + 17. List the prime factors of f*717/(-12)*1.
239
Let f = 18 - 8. Let a = f - 6. Suppose -k = k - a. What are the prime factors of k?
2
Suppose -3*z + 2*z = 13. Let x = z + 10. Let c(r) = 2*r**2 + 2*r - 4. What are the prime factors of c(x)?
2
Let f(b) = 8*b**3 - 6*b**2 - 3*b - 37. Let x be f(-7). What are the prime factors of (-4)/(-14) + x/(-42)?
73
Suppose -m + 5 = 0, -3*r + 223 = m + 4*m. List the prime factors of r.
2, 3, 11
Let f be (2 - 5) + 7 + -2. Suppose 3*z - f*b = -47, b = z + 6*b + 44. Let s = z - -26. List the prime factors of s.
7
Let h(t) = t**3 - 12*t**2 - 12*t - 12. Let r be h(13). Let m(s) = -s**3. Let u be m(r). Let p(w) = -44*w**3 + w**2. List the prime factors of p(u).
3, 5
Suppose 3*n + 25 = 4*n - 5*x, -5*n = 5*x + 25. Suppose 0*y + 2*y = 4*b - 180, n = -2*y - 8. What are the prime factors of b?
43
Suppose -3*i + 6*i = 24. Let p = i + 19. What are the prime factors of p?
3
Let i be -114 + -2 + (1 - 0). Let r = i - -59. Let v = r + 81. List the prime factors of v.
5
Let q be (36/8)/(-3)*-2. Suppose -3*f + 45 = q*n, 2*f + 16 = 2*n - 10. List the prime factors of (n/21)/(1/3).
2
Let q = 68 - 29. Suppose -2*y + 3*i + 87 - 9 = 0, -y + i + q = 0. Suppose 0 = -3*v + 2*z + y, 0*z - z - 39 = -3*v. List the prime factors of v.
13
Let z(h) = h**2 + 4*h + 3. Let b be (-6 - -12)*(-3)/6. Let i be z(b). Suppose -t = -42 - i. List the prime factors of t.
2, 3, 7
Suppose 3419 = 5*g - 4*v, -5*g + 1116 = 3*v - 2331. What are the prime factors of g?
3, 229
Suppose 5*m = 4*y + 36, -4*m + 0*y = -y - 20. Suppose -v + 4*k - 11 = -0*v, m*v = 3*k - 5. Suppose 0 = l - 5 - v. List the prime factors of l.
2, 3
Let l be (15/(-12))/(3/(-12)). Suppose 6*y = 11*y - 20. Suppose -y*a = -l*a + 38. List the prime factors of a.
2, 19
Suppose -165*z + 2392 = -157*z. What are the prime factors of z?
13, 23
Suppose 625 = 7*c - 2*c - 5*j, -5*j - 262 = -2*c. What are the prime factors of c?
11
Suppose 0*a = 5*a - 5, 5*a + 9 = -r. Let s = r + 10. List the prime factors of (1 + s)/3 + 16.
3, 5
Let i be -5 + 13*(1 - 0). Suppose 0 = -g - 2*g - 4*l + 1, 3*l = 5*g + 37. Let r = i - g. What are the prime factors of r?
13
Let n = 64 - 60. Suppose 0 = n*p - 57 + 25. List the prime factors of p.
2
Let y(k) = -k**2 + 48*k + 155. List the prime factors of y(48).
5, 31
Let l(k) = -2*k - 3. Let j be l(-6). Suppose -4*i - 4*o + 34 - 2 = 0, 3*o - j = 0. List the prime factors of (6/i)/((-2)/(-35)).
3, 7
Suppose 3*y = 2*y + 1, 5*f + 5*y = -20. What are the prime factors of (1416/(-30))/(2/f)?
2, 59
Suppose 5*o = 3*b + 90, 0 = 4*o - 0*b - 5*b - 85. Let a = 45 + o. List the prime factors of a.
2, 3, 5
Let m(b) = -b**2 - 4*b. Let p be (-15)/(-2)*(-10)/(-15). Let t be m(p). Let l = t + 84. List the prime factors of l.
3, 13
Let d(o) be the second derivative of -o**5/20 + 11*o**4/12 + 5*o**3/3 - 5*o**2 + o - 17. List the prime factors of d(7).
2
Let b = 375 + 225